0 + -1001000110111?
-1001001000001
In base 12, what is 4b + -327b4?
-32765
In base 10, what is 17507 + 5?
17512
In base 16, what is -3bbe - -3?
-3bbb
In base 11, what is 76a11 - -1?
76a12
In base 6, what is -34 - -3354?
3320
In base 14, what is -22d3 - 0?
-22d3
In base 10, what is 190870 + 4?
190874
In base 13, what is 731cb - -b?
73209
In base 2, what is -1011 + -10000101010100?
-10000101011111
In base 3, what is 11212122022 + 1022?
11212200121
In base 16, what is -87fef - -5?
-87fea
In base 13, what is -74 + bb?
47
In base 6, what is -15425 - -44?
-15341
In base 7, what is -651204 + -5?
-651212
In base 16, what is -3 - 17a8a?
-17a8d
In base 8, what is -175567 + 5?
-175562
In base 4, what is 11 + -1032202331?
-1032202320
In base 5, what is -124130022 + -3?
-124130030
In base 10, what is -1890 + 32?
-1858
In base 14, what is 833a7 + 4?
833ab
In base 3, what is -11 + 121212002?
121211221
In base 9, what is -1117 - -5525?
4407
In base 4, what is 2130 - 1302121?
-1233331
In base 4, what is 211 - -2002012?
2002223
In base 10, what is 1445324 + -4?
1445320
In base 12, what is 700 - -91?
791
In base 10, what is 2453994 + 0?
2453994
In base 10, what is 4 + 698327?
698331
In base 9, what is 1404 + 104?
1508
In base 8, what is -10624 + 10?
-10614
In base 5, what is -141 + -4402?
-10043
In base 13, what is -45 + 519?
4a4
In base 10, what is -5 + -747?
-752
In base 3, what is -2001010200 + 12?
-2001010111
In base 11, what is 7449 - 2?
7447
In base 16, what is a7 - 136?
-8f
In base 7, what is 15 + 61323?
61341
In base 7, what is -13105 + 263?
-12512
In base 7, what is 224 + -24?
200
In base 14, what is d1b + d?
d2a
In base 16, what is 21f - 2a?
1f5
In base 8, what is -4262 - -2115?
-2145
In base 2, what is 111 + -1000001?
-111010
In base 12, what is -249 - 1b8?
-445
In base 8, what is 40570 + 21?
40611
In base 14, what is 694 - -62c?
cc2
In base 7, what is 111601 - -312?
112213
In base 12, what is a816 - -15?
a82b
In base 3, what is -110 + -220102?
-220212
In base 15, what is -1 - -16acd?
16acc
In base 9, what is -752 + 372?
-370
In base 9, what is 110423 + 2?
110425
In base 12, what is -68 + 440?
394
In base 8, what is -143576 - 40?
-143636
In base 6, what is -55 + -2021435?
-2021534
In base 7, what is 5 + 2031432?
2031440
In base 6, what is 205 + -20014?
-15405
In base 5, what is 3 + -13431403?
-13431400
In base 12, what is -16a + -4a1?
-64b
In base 2, what is 10001111 - 1111110100?
-1101100101
In base 15, what is -3b855 + 20?
-3b835
In base 8, what is 37 - 2152?
-2113
In base 12, what is -6 + -b121?
-b127
In base 9, what is 0 - -526?
526
In base 10, what is -56 + 3205?
3149
In base 16, what is -4aeb5 + c?
-4aea9
In base 12, what is -5 + -24019?
-24022
In base 16, what is 28 + -50?
-28
In base 3, what is -112122 + -110210?
-1000102
In base 13, what is 4 + 88747?
8874b
In base 5, what is 21321 + 311?
22132
In base 10, what is 5 + -63293?
-63288
In base 16, what is 87 + ab?
132
In base 7, what is -3400 - 1?
-3401
In base 5, what is 112 + -24002?
-23340
In base 4, what is 3022212 + -3?
3022203
In base 11, what is 1420389 + 2?
1420390
In base 16, what is 304 + 87?
38b
In base 9, what is 201 - -47?
248
In base 2, what is -100 - 1010101111101101?
-1010101111110001
In base 16, what is 1dff - -1?
1e00
In base 7, what is 1 - -4315656?
4315660
In base 13, what is 1b19c - 9?
1b193
In base 14, what is -1456 + 369?
-10cb
In base 13, what is -437aa - -6?
-437a4
In base 3, what is 2 + 1012110201001?
1012110201010
In base 2, what is 1010100101100010001 + -101?
1010100101100001100
In base 13, what is -600 + 97?
-536
In base 15, what is 27b8 - 12?
27a6
In base 10, what is 131 + -683?
-552
In base 16, what is -4 - 96ea2?
-96ea6
In base 2, what is -110 - -100001001011010110?
100001001011010000
In base 4, what is 103323 + -11?
103312
In base 15, what is 1 + 6041?
6042
In base 4, what is -1303 + -1333?
-3302
In base 2, what is -1000 + 1010000000001100?
1010000000000100
In base 5, what is -4034 - 202?
-4241
In base 3, what is 220102 + -101211?
111121
In base 6, what is 11 - 2310?
-2255
In base 7, what is -222 + 2412?
2160
In base 6, what is 41 + 13203?
13244
In base 12, what is -5 + -36b47?
-36b50
In base 10, what is 7 - -45655?
45662
In base 7, what is 5633 + -63?
5540
In base 9, what is 4 - 82612?
-82607
In base 13, what is 26855 - 4?
26851
In base 4, what is 1332 - 130022?
-122030
In base 8, what is -171056 + -3?
-171061
In base 12, what is 3 + 2288?
228b
In base 16, what is 1a + 16be?
16d8
In base 16, what is 506 - ef?
417
In base 3, what is -121000 - 2221?
-200221
In base 5, what is 10 + 104031?
104041
In base 14, what is 3 - 391d7?
-391d4
In base 14, what is 2 + -180d3?
-180d1
In base 2, what is -101 - -101000100001101?
101000100001000
In base 4, what is 11 - 113100?
-113023
In base 3, what is -2211 + -201221?
-211202
In base 4, what is -1012 + -10021?
-11033
In base 5, what is 42023120 + 2?
42023122
In base 11, what is 304a + -453?
26a7
In base 12, what is -425 + 31?
-3b4
In base 5, what is 10142 - 21143?
-11001
In base 3, what is -1222210102210 - -10?
-1222210102200
In base 16, what is 5367 + -5?
5362
In base 15, what is -19 + 2bd8?
2bbe
In base 15, what is 5cdb1 - -1?
5cdb2
In base 9, what is 11838 - -43?
11882
In base 12, what is 5 + -410?
-407
In base 14, what is 2b6a - -1b?
2b87
In base 14, what is -1 + -14b2?
-14b3
In base 10, what is 24 - -20178?
20202
In base 6, what is -205 + 2445?
2240
In base 6, what is 4331 + 11214?
15545
In base 11, what is -1380 - -25?
-1356
In base 13, what is -4262 + -14?
-4276
In base 14, what is 65 - -161?
1c6
In base 2, what is 1100010 - 101011110000?
-101010001110
In base 16, what is ddc + -1b?
dc1
In base 2, what is -10111001000101 - -1110?
-10111000110111
In base 8, what is -11 - 1623?
-1634
In base 9, what is -25 + -38475?
-38511
In base 3, what is 101221222220110 - -12?
101221222220122
In base 12, what is 6 + -134b3?
-134a9
In base 12, what is 19 - -2910?
2929
In base 5, what is 2243322 + -4?
2243313
In base 3, what is 221211 - 120211?
101000
In base 3, what is -1211122021 - -1212?
-1211120102
In base 5, what is 34 - -10000?
10034
In base 7, what is -40366 + 31?
-40335
In base 6, what is 350 - -30025?
30415
In base 8, what is -167 - -10372?
10203
In base 11, what is -2 + -2a3520?
-2a3522
In base 5, what is 30001 + -40?
24411
In base 7, what is -12 - 300660?
-301002
In base 8, what is 103 - -24735?
25040
In base 9, what is 3 + 62350?
62353
In base 6, what is 40125210 - -3?
40125213
In base 14, what is 0 - 15676?
-15676
In base 3, what is -20200 - 121011?
-211211
In base 9, what is 10002 - -11?
10013
In base 3, what is -10 - 22102110?
-22102120
In base 4, what is -1031232 - 0?
-1031232
In base 16, what is 428e - -34?
42c2
In base 10, what is -15 - 623?
-638
In base 4, what is -10 - 33031010?
-33031020
In base 11, what is 62366 - -5?
62370
In base 8, what is -720651 - 0?
-720651
In base 14, what is -7 + 739?
732
In base 16, what is 3 + -13f30?
-13f2d
In base 5, what is 31 + 34422?
40003
In base 7, what is 1006262 - -2?
1006264
In base 5, what is -200 + -420200?
-420400
In base 13, what is 1a5 - 755?
-580
In base 14, what is -c0 - 837?
-917
In base 14, what is 6b4 + -4b8?
1da
In base 3, what is -11020 + -200200021?
-200211111
In base 13, what is 4 + -3889?
-3885
In base 3, what is -100002121 - 11?
-100002202
In base 15, what is 37 + -2dad?
-2d76
In base 16, what is 26e - -dd?
34b
In base 8, what is 167 - -47?
236
In base 7, what is -1 - 352410?
-352411
In base 9, what is -21811 + -5?
-21816
In base 5, what is 222 + -10032?
-4310
In base 13, what is -743b + -8?
-7446
In base 10, what is 1355 + -144?
1211
In base 7, what is 501512 - -15?
501530
In base 7, what is -3 + -2024516?
-2024522
In base 16, what is -4c0c + -94?
-4ca0
In base 16, what is 5 + 3c151?
3c156
In base 12, what is 9a + -79?
21
In base 11, what is a63a4 - -1?
a63a5
In base 16, what is 3 + 336e?
3371
In base 5, what is 3312 + -23?
3234
In base 16, what is -11899 - 11?
-118aa
In base 15, what is -3b750 - -2b?
-3b724
In base 4, what is 3233 + -1222230?
-1212331
In base 14, what is -2 + 4bd2?
4bd0
In base 6, what is 1 + 111444?
111445
In base 2, what is 1110010 - -11010?
10001100
In base 14, what is -269c - -13?
-2689
In base 9, what is -7081 - -108?
-6872
In base 5, 